*3 + 3*f**2 + 3*f. List the prime factors of g(q).
3
Let c = 69 - 27. What are the prime factors of (-14)/c + 49/3?
2
Let f = -5 + 8. Let c be f/(-15) - 2/(-10). Suppose -2*a + 10 = c, 2*l - 53 = -4*a + a. What are the prime factors of l?
19
Let z = -4 + 5. Suppose -4*b + 11 + z = 0. Suppose 5*y = 3*o - 35, 0 = -4*o - b*y - 2*y. What are the prime factors of o?
5
Suppose -5*q + 6 = 1. List the prime factors of 15/(8/4 - q).
3, 5
Let p = 42 + -2. Suppose u = 5*u - p. What are the prime factors of u?
2, 5
Let p(g) = -g**2 - 2*g + 5. Let u be p(-4). Let n = -1 - u. What are the prime factors of 2/(-4)*(-44)/n?
11
Let b(x) = x**2 - 1. Let r be b(2). Suppose 0*l - r*j + 87 = 4*l, -4*l - j + 77 = 0. List the prime factors of l.
2, 3
Let f = 1 - 2. List the prime factors of 12*(3/(-3))/f.
2, 3
Suppose 33 = 3*y - 114. List the prime factors of y.
7
Suppose -83*u + 89*u = 474. What are the prime factors of u?
79
Let w(t) = 57*t - 14. List the prime factors of w(6).
2, 41
Suppose -3*b - 1 = -7. Suppose x - 1 = -5*l + 4*x, -l - 5 = b*x. What are the prime factors of 15 + l - (0 - -1)?
13
Suppose 3*f = 10 - 4. Suppose f*a + 0*a = 8. Suppose 18 = -a*p + 82. List the prime factors of p.
2
What are the prime factors of 4 - (2/8 + 264/(-32))?
2, 3
Let p(q) = -2 + 0*q - 4*q + 4 + 5*q. What are the prime factors of p(5)?
7
Let x be 0/8 + (-12)/(-2). Suppose x = o - 10. What are the prime factors of o?
2
Let y(z) = -9*z**2 + 9*z + z**2 + 11 + z - z**3. What are the prime factors of y(-9)?
2
Suppose d - 39 = -k + 46, 5*k - 434 = -2*d. What are the prime factors of 2/11 - (-336)/k?
2
Let u(f) = f**2 - f + 9. Let y be u(0). Let s(m) = -3*m + 3*m - y - 2*m. What are the prime factors of s(-8)?
7
Let g(m) = m**3 - 4*m**2 + 2*m. List the prime factors of g(5).
5, 7
Let j = 244 - 138. What are the prime factors of j?
2, 53
Suppose -4*p + 357 = -47. Let q = p + -54. Suppose -4*k - o + q = 0, 2*k - 20 - 14 = -4*o. List the prime factors of k.
11
Let a be 4/10 - (-12)/(-30). Suppose 5*v = -a + 25. What are the prime factors of v?
5
Let l be (9*2)/((-4)/(-6)). Suppose 3*z + l = 6*z. List the prime factors of z.
3
Let p(j) = -23*j - 45. What are the prime factors of p(-9)?
2, 3
Let s = -14 - -13. Let f = 34 + s. What are the prime factors of f?
3, 11
Let c(d) = -d - 8 + 2 + 0*d - d. What are the prime factors of c(-6)?
2, 3
Let u = 75 - 29. Let v = -20 + u. List the prime factors of v.
2, 13
Let j(o) = -6*o - 2. Let f be j(-6). What are the prime factors of (-1)/(f/18 - 2)?
3
Suppose -3*q = -59 - 46. List the prime factors of q.
5, 7
Let p(j) = -14*j - 5. What are the prime factors of p(-3)?
37
Suppose -3*d = 6 + 3, 4*m - 2*d - 46 = 0. Suppose -4*k = -78 - m. What are the prime factors of k?
2, 11
What are the prime factors of 0 + 1773/11 + (-42)/231?
7, 23
What are the prime factors of (-7 - -413) + (-6*1)/(-2)?
409
Let l be -2 - 21/6*-2. Suppose -p + l = 34. Let s = -18 - p. What are the prime factors of s?
11
Let p = 118 - 39. What are the prime factors of p?
79
Let x(y) be the first derivative of y**4/4 - y**3/6 - y**2/2 + 2*y + 2. Let j(f) be the first derivative of x(f). List the prime factors of j(-2).
13
Let w be 1280/70 + 2/(-7). Suppose -b + w = b. List the prime factors of b.
3
Suppose -6*j + 4*j - 14 = 0. What are the prime factors of (j/(-3))/(1/3)?
7
Let c(f) = -2*f + 16. Let m be c(11). Let t = m + 16. What are the prime factors of t?
2, 5
Let y(r) = 4 - 2 - 3*r**2 + 2*r**2 - 4 + 5*r. Let t = -1 - -5. What are the prime factors of y(t)?
2
Let j(y) = -2*y - 7. Let t be j(-5). Suppose -t*n + 4 = -4*n. What are the prime factors of (-2)/((n/5)/2)?
5
Suppose -3*u + 15 = -0*u. Suppose 0*a = -2*h + a + 26, -u*h + 5*a = -75. Suppose -2*d + 4*d + h = v, 0 = -2*v + d + 22. List the prime factors of v.
11
Let w(j) = -j + 4. Let a be w(-3). Suppose -5*t + a = 17. What are the prime factors of (-11)/(-1) - t/(-1)?
3
Let m be -3 - 1/(4/(-24)). Suppose 62 = -m*g + 5*g + 2*j, -3*j - 117 = -3*g. What are the prime factors of g?
5, 7
Let i = -32 - -138. Suppose -14 + i = 4*n. What are the prime factors of n?
23
Suppose -o = 4*k - 26, 3*o - o = -3*k + 17. Let m = k + -5. Suppose 3*j - 16 = m. What are the prime factors of j?
2, 3
Let h = 204 + -94. List the prime factors of h.
2, 5, 11
Suppose d + 2*d - 14 = -b, 2*b = 4*d - 12. Suppose -d*f + 12 = -12. What are the prime factors of f?
2, 3
Suppose -3*a - a = 3*k - 87, -4*k - 3*a + 123 = 0. What are the prime factors of k?
3, 11
Suppose 4*g + h = 201 + 134, -3*g = 4*h - 248. What are the prime factors of g?
2, 3, 7
Let u = -9 + 1. Let g be (-1 - 0) + (u - -1). Let r(z) = -z**3 - 9*z**2 - 10*z - 11. What are the prime factors of r(g)?
5
Let l = -1 + 0. Let w = l - -15. What are the prime factors of w?
2, 7
Suppose 103*c = 109*c - 162. List the prime factors of c.
3
Suppose -3*a + 21 = -i, -5*i + 5*a - 29 - 26 = 0. Let l = i - -11. List the prime factors of l.
5
Let m(i) = -i**2 - 7*i + 9. Let q be m(-7). Let c be 5 + 3*(-6)/q. List the prime factors of c*(0 - 30/(-9)).
2, 5
Let g(t) = t - 30. Let o be g(0). What are the prime factors of (o/4)/(1/(-2))?
3, 5
List the prime factors of (-1)/((10/(-535))/2).
107
Suppose 5*l - 9 = -v + 20, 0 = l + v - 9. Suppose 0*q - 2*t = q - 4, 3*q = l*t + 45. Let i = -3 + q. What are the prime factors of i?
7
Let j be 3/(-2)*-2*1. Suppose -2*o = -j*o - 3. What are the prime factors of (-3)/o*5 + 0?
5
Suppose 2*k - 1146 = -120. Suppose 209 = 2*b - 4*b - 5*h, -5*b = 3*h + k. List the prime factors of b/(-9) - (-1)/(-3).
11
Let o = -13 - -14. Let r(k) = 7*k**3 - k**2 + 2*k. What are the prime factors of r(o)?
2
Let u(t) = -t - 8. Let q be u(-7). Let f be 32/(2 - 0) - q. Let m = -7 + f. What are the prime factors of m?
2, 5
Let m(o) = -o**2 + 5*o + 4. Let g(c) = c**2 + c. Let k(x) = -2*g(x) - m(x). Let z be k(-5). Suppose 3*a + z = 45. What are the prime factors of a?
13
Suppose 0 = -0*s + s - 80. Suppose 0 = 4*a - 4 - s. What are the prime factors of a?
3, 7
Let u(a) = 5*a + 2. Let p be u(-2). Let t(f) = f**3 + 5*f**2 + 2*f - 3. Let n be t(-5). Let m = p - n. What are the prime factors of m?
5
Let r = 221 + -123. List the prime factors of r.
2, 7
Let u(f) = -46*f - 8. List the prime factors of u(-3).
2, 5, 13
Let i = 8 - 3. Suppose i*p - 10*p + 300 = 0. What are the prime factors of p?
2, 3, 5
What are the prime factors of (-3 - -254)/(-7 + 8)?
251
Let k = -79 + 173. Suppose 5*c = -k + 294. List the prime factors of c.
2, 5
Suppose 3*y - 29 = -5*w, -28 = -4*y - w - 3*w. Suppose -2*b = -4*l + 52, 0*l = y*l - 3*b - 39. Let f = l + -7. List the prime factors of f.
2, 3
Let j = 42 + 289. List the prime factors of j.
331
Let q(w) = 6*w - 3. What are the prime factors of q(7)?
3, 13
Let k(d) = d**3 + 6*d**2 + 3*d + 8. List the prime factors of k(-4).
2, 7
Let t(x) = -x. Let o(s) = -2*s - 5. Let p(q) = o(q) - 3*t(q). Let v be p(5). Let l = 12 + v. What are the prime factors of l?
2, 3
Let q = 622 - 393. List the prime factors of q.
229
Let d = -8 + 13. Suppose -k - 5*n = -0*k + 5, 4*n + 88 = -d*k. What are the prime factors of 112/10 + 4/k?
11
Let w = 615 - 272. What are the prime factors of w?
7
Let u = -178 - -354. List the prime factors of u.
2, 11
Let i = 149 - 74. What are the prime factors of i?
3, 5
Let h = 62 - 8. What are the prime factors of h?
2, 3
Let g = -157 + 267. List the prime factors of g.
2, 5, 11
What are the prime factors of (-108)/(-5) - (-8)/20?
2, 11
Suppose 3*r = -3*n + 133 + 8, 2*r - 95 = -3*n. What are the prime factors of r?
2, 23
Suppose -7 = z - 1. List the prime factors of 2 - z/(-2) - -19.
2, 3
Suppose 15*q + 43 - 373 = 0. List the prime factors of q.
2, 11
Let d(m) = -3*m**3 - 6*m**2 - 4*m + 6. List the prime factors of d(-3).
3, 5
Suppose 3*r + 15 = 0, 2*h + 2*r + 48 = -2. Let k = 32 + h. What are the prime factors of k?
2, 3
Let w(k) = -2*k - 6. Let l be w(-5). Suppose -3*r + 5*u + 13 = -0*u, 3*u + 11 = 5*r. Let f = r + l. What are the prime factors of f?
5
Let s(f) = f**2 - 5*f + 6. Let a be s(8). Suppose 3*z - a = z. List the prime factors of z.
3, 5
Let p(j) = -4*j**2 + 3*j**2 + 7*j - 5 - 2*j. Let x be p(5). What are the prime factors of 1*x/((-15)/18)?
2, 3
Suppose -48 = -4*a - 8. Suppose -2*w + 4*w = a. What are the prime factors of w?
5
Suppose 2*l - 21 + 81 = 